Let f be -4 + (6/(-5))/(21/105). Calculate p(f).
-10
Let h(y) be the second derivative of y**3/6 - 5*y**2/2 - 42*y. Determine h(-8).
-13
Let p(r) be the third derivative of r**5/60 - r**4/24 - 5*r**3/6 + 3*r**2. Let n(h) = -h**2 + 9*h - 10. Let g = 9 + -2. Let c be n(g). Give p(c).
7
Let b = -14 - -8. Suppose -4*w - w = 0. Let i(x) = -x - 2 - x + w*x. What is i(b)?
10
Suppose 0*h = -y + h + 22, -3*y + h = -72. Suppose -5*z = -0*z - y. Suppose -2*m - 2*k - 12 = 2*k, 2*m + 12 = -z*k. Let f(n) = -n - 7. Determine f(m).
-1
Let k = 33 + -39. Let b be (k/(-5))/((-9)/(-30)). Let a(u) = -u - 5. Calculate a(b).
-9
Let q(r) = -3*r**2 + 2*r + 2. Suppose -m + 1 = -4. Suppose 7*h - m*h - 4 = 0. Give q(h).
-6
Let n be 44/6 + 4/(-12). Let d(r) = -r**2 + 14*r. Let t be d(14). Let h(w) = t*w + 4*w - w - 7 - 2*w. Calculate h(n).
0
Let n(s) = 2*s**3 + 1 - 5*s + 5*s**2 - s**2 - 3*s**3 + 4*s**3. Let t(k) = 7*k**3 + 8*k**2 - 11*k + 2. Let b(j) = -9*n(j) + 4*t(j). Calculate b(2).
-7
Let n(y) = 7*y. Let q(u) = 4*u**3 + 21*u**2 - 23*u + 1. Let h(k) = -k**3 - 7*k**2 + 8*k. Let r(a) = 7*h(a) + 2*q(a). Let j be r(5). Give n(j).
14
Let c(i) be the second derivative of i**5/20 + 13*i**4/12 + 7*i. What is c(-13)?
0
Let t(w) = 3*w**2 + 30*w - 12. Let l be t(-11). Let x be l - 15 - (-6)/(-2). Let r(b) = -b**2 + 2*b - 1. Determine r(x).
-4
Let x(t) = -7*t**2 - 6*t - 11. Let u(n) = -8*n**2 - 6*n - 12. Let h(r) = -6*u(r) + 7*x(r). What is h(-6)?
-5
Suppose -3*o + 429 = 2*o + 3*y, -2*y = o - 90. Let h(q) = -25*q + 6. Let l be h(4). Let n be l/(-14) + 24/o. Let k(b) = b**3 - 8*b**2 + 7*b - 1. Calculate k(n).
-1
Let y(m) = -m**3 + 2*m**2 + m + 1. Let d(r) = -6*r**3 + 16*r**2 - 2*r + 8. Let t(b) = d(b) - 5*y(b). Suppose -4*l = 1 - 21. Determine t(l).
-7
Let j(n) = 6*n**3 - n**2 + 5*n - 4. Let q be j(1). Let o(u) be the second derivative of -u**3/6 + 4*u**2 + 3*u. Give o(q).
2
Let t(q) = -6*q**2 - 2. Let v(r) = -r**3 - 5*r**2 - 2. Let u(y) = 2*t(y) - 3*v(y). Let z(k) = 5*k**3 + 4*k**2 + 3. Let x(j) = 8*u(j) - 5*z(j). Give x(4).
1
Let m = 23 + -30. Let j = m + 3. Let l(k) = k**3 + 2 - 3*k + 3*k - k + 3*k**2. Determine l(j).
-10
Let q(k) = -2*k**3 + 3*k**2 - 1. Let b be 175/15 + -9 + (-4)/6. What is q(b)?
-5
Let k = -2 - -11. Suppose 4*j - k*j = 10. Let b = 4 - j. Let y(s) = -s**2 + 7*s - 7. What is y(b)?
-1
Let i(t) = 14 + 0 + 2*t - 6 + 0*t. Give i(-7).
-6
Let j(i) be the first derivative of -3*i**2/2 - 17*i + 304. What is j(-3)?
-8
Let h(c) = -4*c**2 + 4*c + 2. Let v be h(-1). Suppose 3 = -2*j - j. Let s(a) = -5*a - 1. Let p(t) = t. Let x(b) = j*s(b) - 6*p(b). What is x(v)?
7
Let c(x) = x**2 - 3*x - 3. Let l be c(6). Let r = 17 - l. Let b(t) = -r*t**2 - 2 + t**3 + 5*t - 2*t + 0*t**2. What is b(2)?
4
Let q = -10 - -31. Let u = q + -24. Let m(v) = v**3 - 4*v**2 + 7*v + 4. Let h(j) = 3*j**3 - 13*j**2 + 21*j + 11. Let t(b) = u*h(b) + 8*m(b). Give t(5).
14
Let w(v) = v**3 + 5. Let o(c) be the second derivative of -2*c**4/3 - c**2/2 - 2*c. Let i be o(1). Let m be (-3)/i*(0 + 0). Give w(m).
5
Suppose 3 = -2*a + 5*r, -10 - 5 = 4*a - r. Let w(z) = z + 2. Let p be w(a). Let y(f) = 94*f**2 + 102*f**2 - 296*f**2 + 99*f**2. What is y(p)?
-4
Let q be (-29)/7 + 0 + 2/14. Let n(y) = 6*y + 2. Let d(t) = 3. Let s(c) = c - 2. Let f(p) = -4*d(p) - 5*s(p). Let m(z) = 5*f(z) + 4*n(z). Give m(q).
2
Let o(b) = 13*b**2 - 1 - 1219*b + 1219*b. Suppose 6 = 3*v - 6. Let n = v - 3. Give o(n).
12
Let j(a) = -2*a**2 + 5*a - 3. Let v = -63 + 17. Let n = v + 49. Calculate j(n).
-6
Let s(b) = 53*b - 2. Suppose -27*f - 3 = m - 28*f, -1 = -3*m - 2*f. Give s(m).
-55
Let s(i) = i**3 - 8*i**2 + 9*i + 7. Suppose h = -4*h + 35. Calculate s(h).
21
Suppose -p + 0*p = -6*p. Let h be 9/((-27)/12) - 0. Let x(b) = 4*b**2 + b + 11. Let f(a) = -5*a**2 - a - 11. Let i(w) = h*x(w) - 3*f(w). Determine i(p).
-11
Let a(b) = -b + 1. Let q(z) = 6 + 55*z**2 - 51*z**2 + 4 - 9*z - 2*z**3. Let u(v) = 6*a(v) - q(v). Give u(3).
23
Suppose z + 3*z + 5*m - 15 = 0, z + 4*m - 1 = 0. Let u(n) = -98 - 2*n - 21*n**2 + 91 - n**3 + 27*n**2. Determine u(z).
8
Suppose 12 - 4 = 2*m, 2*l - 3*m = -6. Suppose 2*d - 2*c - 9 - l = 0, 4*c = -16. Let r(j) = -6 - 5*j - 3 - 2*j - 4*j**d + 3*j**2. Calculate r(-6).
-3
Let w(z) = z**3 + 6*z**2 + 6*z + 7. Suppose -21 = 9*j - 3. Let k be 68/(-12) - j/3. What is w(k)?
2
Let k(z) = z + 3. Suppose 8 = -4*x, 17 + 29 = 4*m - 3*x. Let g be 3 + 0 + (m - 16). Calculate k(g).
0
Let o be 227/(-15) + (-3 - 94/(-30)). Let c(n) = n**3 + 16*n**2 + 14*n - 1. Give c(o).
14
Let p be ((-1)/2)/(2/(-12)). Let m(o) = 6*o**2 - 4*o**3 - 6 - 6*o + 3 + 3*o**p. What is m(5)?
-8
Let p(v) = -v**2 + 5*v + 12. Let b be ((-56)/10)/7 + 98/10. Give p(b).
-24
Let j = 20 + -8. Let d(l) = 32*l**2 + l**3 - 38*l**2 + 8 - j*l + 5*l. Let b be 9*1 - 10/5. What is d(b)?
8
Let t(k) = -k**3 + 6*k**3 - 2*k**2 - 1 - 3*k**3 - 3*k**3 - k. Let p be 1/2*(-3)/(-6)*-12. Calculate t(p).
11
Let i(s) be the first derivative of s**3/2 - 3*s**2 + 22*s - 42. Let a(f) be the first derivative of i(f). Determine a(5).
9
Let f be 14*(2/4 + 12/(-56)). Let p(r) = -2*r + 4. Determine p(f).
-4
Let l(x) = -4*x + 2. Let s(r) = -23*r + 12. Let q(k) = 34*l(k) - 6*s(k). Suppose 5*y + 35 = 5*j, 3*j + 14 = j - 5*y. Suppose 0*n + 9 = -j*n. Calculate q(n).
-10
Let g(j) = j**3 - 1346*j**2 + 447*j**2 + 448*j**2 + 38 + 450*j**2. What is g(0)?
38
Let q(w) = -4*w + 2. Let c be q(0). Suppose 5*k - 28 = c. Let t(f) = f**2 - 8*f + 4. Give t(k).
-8
Let b = 4834 - 4830. Let m(l) = -l**3 + 5 + l**2 + l + 4*l**2 - l**2. Calculate m(b).
9
Let w(a) = -a**3 - 8*a**2 + 6*a + 4. Let j(p) = -p**2 + p + 1. Let v(i) = -5*j(i) + w(i). Suppose 1323 = 6*d + 3*d. Let f = 143 - d. Give v(f).
11
Suppose 2*d = m + m - 14, 0 = 5*m + 3*d + 5. Let n be 6/(-1)*m/(-4). Let g(q) = q**2 - 6*q - n*q + 5*q. What is g(2)?
-4
Let k be (-28)/(-12)*2 - (-2)/6. Let g(h) be the second derivative of h**4/12 - 5*h**3/6 - 7*h**2/2 - 12*h. What is g(k)?
-7
Let d(r) = r**2 - 2*r + 3. Let o be d(0). Let g(t) = o*t + 2*t - 4*t + 1 + 8. Calculate g(-9).
0
Let k be ((-10)/8)/((-2)/16). Let f = k - 7. Let o(m) = 2 + m**3 - 5*m - m**2 + 8 - 14 + 8. What is o(f)?
7
Suppose 21 = 5*k + 3*i, 2 + 14 = 2*k + 5*i. Let p(o) = -2*o**2 + 3*o + 4. Let m(c) = 1. Let v(j) = k*m(j) - p(j). Calculate v(-2).
13
Let y = 15 + -8. Suppose -w + 3*p - 3 - y = 0, 5*w + 16 = -2*p. Let k(d) = 5*d**2 + 41 + 3*d**3 + 2*d**3 - 44 - 4*d**3. Give k(w).
13
Let j(x) = -2*x - 15. Suppose 11*g - 2*g = -90. What is j(g)?
5
Let y(l) = -8 - 2*l + 5 + l**2 - 2*l. Suppose -d + 2 = 0, -c - d + 11 = 2*d. What is y(c)?
2
Suppose 0*r + 20 = 5*r. Let h(n) = 3*n**2 - n - 1. Let m(z) = -8*z**2 + z + 5. Let j(k) = 3*h(k) + m(k). Determine j(r).
10
Let t(d) = 2*d + 4. Let z(l) = -9*l - 44. Let a be z(-4). Calculate t(a).
-12
Let f = 847 + -850. Let k(d) = 5*d**2 - d + 3. What is k(f)?
51
Let x(o) = -2*o - 2. Suppose 217 - 118 = -9*m. Calculate x(m).
20
Let f be (-15)/(3/3 + -4). Let m(h) = h**2 + h - 7. Calculate m(f).
23
Let v(o) = -o**2 - 6*o + 7. Let f(b) = -b**3 - 24*b**2 + b + 25. Let w be f(-24). Let y be (1 - (8 + -1))*w. Determine v(y).
7
Let g(r) = 32 + 10*r - 32. Give g(1).
10
Let g be -1 - (-6 - -5)*3. Let v(l) = 4*l - 67 + 70 + 0*l - g*l. Let t = -3 - -1. Calculate v(t).
-1
Let b be (-6)/(-3) - 38/2. Let f = 22 + b. Let a(s) = -s**3 + 6*s**2 - 8*s + 7. Determine a(f).
-8
Let n(x) = 3*x - 13. Suppose 0 = 4*b + 5*z + 56, -5*b - 14*z + 13*z = 49. Calculate n(b).
-40
Suppose -6*i + 4*i = -8, 5*i - 15 = -u. Let d(m) = -1 + 77*m + 4 - 78*m. Calculate d(u).
8
Let w = -697 + 703. Let g(y) be the first derivative of y**2/2 - 7*y + 1. Calculate g(w).
-1
Let q(c) = -c + 9. Suppose 2*o + o = 12. Suppose o*m - 7*m = -21. Give q(m).
2
Suppose -2*y - 47 = 5*a, 0 = -3*y - 4*a - 0*a - 74. Let g = 29 + y. Let r(d) = -12*d - g*d + d - 1 - d. What is r(-1)?
14
Let o(d) = -7*d**2 - 2*d + 6. Let q(i) = -2*i**2 + i + 1. Let u(z) = -o(z) + 4*q(z). Calculate u(5).
3
Let d(a) = -a**2 + 8*a - 6. Suppose -61*u + 5 = -62*u + 4*k, -2*k = -u + 1. What is d(u)?
1
Let j = -87 - -90. Let l(i) = 7*i**2 + 2*i + 3 - 5*i**2 + 3*i - j*i**2. Give l(5).
3
Let m(k) be the first derivative of -k**2/2 - 7*k + 1. Let b(t) = t**2 + 43*t + 346. Let h be b(-11). What is m(h)?
-1
Let u be (-8)/36 + 1*141/27. Let n(r) = -r +